[Sun Nov 23 17:43:24.883011 2025] [http2:warn] [pid 16188:tid 2104] [client 88.21.69.40:57316] h2_stream(16188-49-11,CLEANUP): started=1, scheduled=1, ready=0, out_buffer=0
[Sun Nov 23 17:43:24.883011 2025] [http2:warn] [pid 16188:tid 2104] [client 88.21.69.40:57316] h2_stream(16188-49-13,CLEANUP): started=1, scheduled=1, ready=0, out_buffer=0
[Sun Nov 23 17:43:52.000991 2025] [http2:warn] [pid 16188:tid 2108] [client 88.21.69.40:51263] h2_stream(16188-50-1,CLEANUP): started=1, scheduled=1, ready=0, out_buffer=0
[Sun Nov 23 17:43:52.500820 2025] [http2:warn] [pid 16188:tid 2112] [client 88.21.69.40:49489] h2_stream(16188-52-1,CLEANUP): started=1, scheduled=1, ready=0, out_buffer=0
[Sun Nov 23 17:44:24.883016 2025] [http2:warn] [pid 16188:tid 2104] [client 88.21.69.40:57316] h2_stream(16188-49-9,CLEANUP): started=1, scheduled=1, ready=0, out_buffer=0
[Sun Nov 23 17:44:24.883016 2025] [http2:warn] [pid 16188:tid 2104] [client 88.21.69.40:57316] h2_stream(16188-49-11,CLEANUP): started=1, scheduled=1, ready=0, out_buffer=0
[Sun Nov 23 17:44:24.883016 2025] [http2:warn] [pid 16188:tid 2104] [client 88.21.69.40:57316] h2_stream(16188-49-13,CLEANUP): started=1, scheduled=1, ready=0, out_buffer=0
[Sun Nov 23 17:44:52.001168 2025] [http2:warn] [pid 16188:tid 2108] [client 88.21.69.40:51263] h2_stream(16188-50-1,CLEANUP): started=1, scheduled=1, ready=0, out_buffer=0
[Sun Nov 23 17:44:52.501037 2025] [http2:warn] [pid 16188:tid 2112] [client 88.21.69.40:49489] h2_stream(16188-52-1,CLEANUP): started=1, scheduled=1, ready=0, out_buffer=0
[Sun Nov 23 17:45:24.883239 2025] [http2:warn] [pid 16188:tid 2104] [client 88.21.69.40:57316] h2_stream(16188-49-9,CLEANUP): started=1, scheduled=1, ready=0, out_buffer=0
[Sun Nov 23 17:45:24.883239 2025] [http2:warn] [pid 16188:tid 2104] [client 88.21.69.40:57316] h2_stream(16188-49-11,CLEANUP): started=1, scheduled=1, ready=0, out_buffer=0
[Sun Nov 23 17:45:24.883239 2025] [http2:warn] [pid 16188:tid 2104] [client 88.21.69.40:57316] h2_stream(16188-49-13,CLEANUP): started=1, scheduled=1, ready=0, out_buffer=0
[Sun Nov 23 17:45:52.001188 2025] [http2:warn] [pid 16188:tid 2108] [client 88.21.69.40:51263] h2_stream(16188-50-1,CLEANUP): started=1, scheduled=1, ready=0, out_buffer=0
[Sun Nov 23 17:45:52.501059 2025] [http2:warn] [pid 16188:tid 2112] [client 88.21.69.40:49489] h2_stream(16188-52-1,CLEANUP): started=1, scheduled=1, ready=0, out_buffer=0
[Sun Nov 23 17:46:24.883262 2025] [http2:warn] [pid 16188:tid 2104] [client 88.21.69.40:57316] h2_stream(16188-49-9,CLEANUP): started=1, scheduled=1, ready=0, out_buffer=0
[Sun Nov 23 17:46:24.883262 2025] [http2:warn] [pid 16188:tid 2104] [client 88.21.69.40:57316] h2_stream(16188-49-11,CLEANUP): started=1, scheduled=1, ready=0, out_buffer=0
[Sun Nov 23 17:46:24.883262 2025] [http2:warn] [pid 16188:tid 2104] [client 88.21.69.40:57316] h2_stream(16188-49-13,CLEANUP): started=1, scheduled=1, ready=0, out_buffer=0
[Sun Nov 23 17:46:52.001208 2025] [http2:warn] [pid 16188:tid 2108] [client 88.21.69.40:51263] h2_stream(16188-50-1,CLEANUP): started=1, scheduled=1, ready=0, out_buffer=0
[Sun Nov 23 17:46:52.501083 2025] [http2:warn] [pid 16188:tid 2112] [client 88.21.69.40:49489] h2_stream(16188-52-1,CLEANUP): started=1, scheduled=1, ready=0, out_buffer=0
[Sun Nov 23 17:47:24.883899 2025] [http2:warn] [pid 16188:tid 2104] [client 88.21.69.40:57316] h2_stream(16188-49-9,CLEANUP): started=1, scheduled=1, ready=0, out_buffer=0
[Sun Nov 23 17:47:24.883899 2025] [http2:warn] [pid 16188:tid 2104] [client 88.21.69.40:57316] h2_stream(16188-49-11,CLEANUP): started=1, scheduled=1, ready=0, out_buffer=0
[Sun Nov 23 17:47:24.883899 2025] [http2:warn] [pid 16188:tid 2104] [client 88.21.69.40:57316] h2_stream(16188-49-13,CLEANUP): started=1, scheduled=1, ready=0, out_buffer=0
[Sun Nov 23 17:47:52.001850 2025] [http2:warn] [pid 16188:tid 2108] [client 88.21.69.40:51263] h2_stream(16188-50-1,CLEANUP): started=1, scheduled=1, ready=0, out_buffer=0
[Sun Nov 23 17:47:52.501707 2025] [http2:warn] [pid 16188:tid 2112] [client 88.21.69.40:49489] h2_stream(16188-52-1,CLEANUP): started=1, scheduled=1, ready=0, out_buffer=0
[Sun Nov 23 17:48:24.884417 2025] [http2:warn] [pid 16188:tid 2104] [client 88.21.69.40:57316] h2_stream(16188-49-9,CLEANUP): started=1, scheduled=1, ready=0, out_buffer=0
[Sun Nov 23 17:48:24.884417 2025] [http2:warn] [pid 16188:tid 2104] [client 88.21.69.40:57316] h2_stream(16188-49-11,CLEANUP): started=1, scheduled=1, ready=0, out_buffer=0
[Sun Nov 23 17:48:24.884417 2025] [http2:warn] [pid 16188:tid 2104] [client 88.21.69.40:57316] h2_stream(16188-49-13,CLEANUP): started=1, scheduled=1, ready=0, out_buffer=0
[Sun Nov 23 17:48:52.002246 2025] [http2:warn] [pid 16188:tid 2108] [client 88.21.69.40:51263] h2_stream(16188-50-1,CLEANUP): started=1, scheduled=1, ready=0, out_buffer=0
[Sun Nov 23 17:48:52.502256 2025] [http2:warn] [pid 16188:tid 2112] [client 88.21.69.40:49489] h2_stream(16188-52-1,CLEANUP): started=1, scheduled=1, ready=0, out_buffer=0
[Sun Nov 23 17:49:24.884795 2025] [http2:warn] [pid 16188:tid 2104] [client 88.21.69.40:57316] h2_stream(16188-49-9,CLEANUP): started=1, scheduled=1, ready=0, out_buffer=0
[Sun Nov 23 17:49:24.884795 2025] [http2:warn] [pid 16188:tid 2104] [client 88.21.69.40:57316] h2_stream(16188-49-11,CLEANUP): started=1, scheduled=1, ready=0, out_buffer=0
[Sun Nov 23 17:49:24.884795 2025] [http2:warn] [pid 16188:tid 2104] [client 88.21.69.40:57316] h2_stream(16188-49-13,CLEANUP): started=1, scheduled=1, ready=0, out_buffer=0
[Sun Nov 23 17:49:52.002749 2025] [http2:warn] [pid 16188:tid 2108] [client 88.21.69.40:51263] h2_stream(16188-50-1,CLEANUP): started=1, scheduled=1, ready=0, out_buffer=0
[Sun Nov 23 17:49:52.502621 2025] [http2:warn] [pid 16188:tid 2112] [client 88.21.69.40:49489] h2_stream(16188-52-1,CLEANUP): started=1, scheduled=1, ready=0, out_buffer=0
[Sun Nov 23 17:50:24.885096 2025] [http2:warn] [pid 16188:tid 2104] [client 88.21.69.40:57316] h2_stream(16188-49-9,CLEANUP): started=1, scheduled=1, ready=0, out_buffer=0
[Sun Nov 23 17:50:24.885096 2025] [http2:warn] [pid 16188:tid 2104] [client 88.21.69.40:57316] h2_stream(16188-49-11,CLEANUP): started=1, scheduled=1, ready=0, out_buffer=0
[Sun Nov 23 17:50:24.885096 2025] [http2:warn] [pid 16188:tid 2104] [client 88.21.69.40:57316] h2_stream(16188-49-13,CLEANUP): started=1, scheduled=1, ready=0, out_buffer=0
[Sun Nov 23 17:50:52.003051 2025] [http2:warn] [pid 16188:tid 2108] [client 88.21.69.40:51263] h2_stream(16188-50-1,CLEANUP): started=1, scheduled=1, ready=0, out_buffer=0
[Sun Nov 23 17:50:52.502924 2025] [http2:warn] [pid 16188:tid 2112] [client 88.21.69.40:49489] h2_stream(16188-52-1,CLEANUP): started=1, scheduled=1, ready=0, out_buffer=0
[Sun Nov 23 17:51:24.885315 2025] [http2:warn] [pid 16188:tid 2104] [client 88.21.69.40:57316] h2_stream(16188-49-9,CLEANUP): started=1, scheduled=1, ready=0, out_buffer=0
[Sun Nov 23 17:51:24.885315 2025] [http2:warn] [pid 16188:tid 2104] [client 88.21.69.40:57316] h2_stream(16188-49-11,CLEANUP): started=1, scheduled=1, ready=0, out_buffer=0
[Sun Nov 23 17:51:24.885315 2025] [http2:warn] [pid 16188:tid 2104] [client 88.21.69.40:57316] h2_stream(16188-49-13,CLEANUP): started=1, scheduled=1, ready=0, out_buffer=0
[Sun Nov 23 17:51:52.003257 2025] [http2:warn] [pid 16188:tid 2108] [client 88.21.69.40:51263] h2_stream(16188-50-1,CLEANUP): started=1, scheduled=1, ready=0, out_buffer=0
[Sun Nov 23 17:51:52.503153 2025] [http2:warn] [pid 16188:tid 2112] [client 88.21.69.40:49489] h2_stream(16188-52-1,CLEANUP): started=1, scheduled=1, ready=0, out_buffer=0
[Sun Nov 23 17:52:24.885356 2025] [http2:warn] [pid 16188:tid 2104] [client 88.21.69.40:57316] h2_stream(16188-49-9,CLEANUP): started=1, scheduled=1, ready=0, out_buffer=0
[Sun Nov 23 17:52:24.885356 2025] [http2:warn] [pid 16188:tid 2104] [client 88.21.69.40:57316] h2_stream(16188-49-11,CLEANUP): started=1, scheduled=1, ready=0, out_buffer=0
[Sun Nov 23 17:52:24.885356 2025] [http2:warn] [pid 16188:tid 2104] [client 88.21.69.40:57316] h2_stream(16188-49-13,CLEANUP): started=1, scheduled=1, ready=0, out_buffer=0
[Sun Nov 23 17:52:52.003333 2025] [http2:warn] [pid 16188:tid 2108] [client 88.21.69.40:51263] h2_stream(16188-50-1,CLEANUP): started=1, scheduled=1, ready=0, out_buffer=0
[Sun Nov 23 17:52:52.502964 2025] [http2:warn] [pid 16188:tid 2112] [client 88.21.69.40:49489] h2_stream(16188-52-1,CLEANUP): started=1, scheduled=1, ready=0, out_buffer=0
[Sun Nov 23 17:53:24.885750 2025] [http2:warn] [pid 16188:tid 2104] [client 88.21.69.40:57316] h2_stream(16188-49-9,CLEANUP): started=1, scheduled=1, ready=0, out_buffer=0
[Sun Nov 23 17:53:24.885750 2025] [http2:warn] [pid 16188:tid 2104] [client 88.21.69.40:57316] h2_stream(16188-49-11,CLEANUP): started=1, scheduled=1, ready=0, out_buffer=0
[Sun Nov 23 17:53:24.885750 2025] [http2:warn] [pid 16188:tid 2104] [client 88.21.69.40:57316] h2_stream(16188-49-13,CLEANUP): started=1, scheduled=1, ready=0, out_buffer=0
[Sun Nov 23 17:53:52.003441 2025] [http2:warn] [pid 16188:tid 2108] [client 88.21.69.40:51263] h2_stream(16188-50-1,CLEANUP): started=1, scheduled=1, ready=0, out_buffer=0
[Sun Nov 23 17:53:52.503515 2025] [http2:warn] [pid 16188:tid 2112] [client 88.21.69.40:49489] h2_stream(16188-52-1,CLEANUP): started=1, scheduled=1, ready=0, out_buffer=0
[Sun Nov 23 17:54:24.885452 2025] [http2:warn] [pid 16188:tid 2104] [client 88.21.69.40:57316] h2_stream(16188-49-9,CLEANUP): started=1, scheduled=1, ready=0, out_buffer=0
[Sun Nov 23 17:54:24.885452 2025] [http2:warn] [pid 16188:tid 2104] [client 88.21.69.40:57316] h2_stream(16188-49-11,CLEANUP): started=1, scheduled=1, ready=0, out_buffer=0
[Sun Nov 23 17:54:24.885452 2025] [http2:warn] [pid 16188:tid 2104] [client 88.21.69.40:57316] h2_stream(16188-49-13,CLEANUP): started=1, scheduled=1, ready=0, out_buffer=0
[Sun Nov 23 17:54:52.003534 2025] [http2:warn] [pid 16188:tid 2108] [client 88.21.69.40:51263] h2_stream(16188-50-1,CLEANUP): started=1, scheduled=1, ready=0, out_buffer=0
[Sun Nov 23 17:54:52.503402 2025] [http2:warn] [pid 16188:tid 2112] [client 88.21.69.40:49489] h2_stream(16188-52-1,CLEANUP): started=1, scheduled=1, ready=0, out_buffer=0
[Sun Nov 23 17:55:24.885733 2025] [http2:warn] [pid 16188:tid 2104] [client 88.21.69.40:57316] h2_stream(16188-49-9,CLEANUP): started=1, scheduled=1, ready=0, out_buffer=0
[Sun Nov 23 17:55:24.885733 2025] [http2:warn] [pid 16188:tid 2104] [client 88.21.69.40:57316] h2_stream(16188-49-11,CLEANUP): started=1, scheduled=1, ready=0, out_buffer=0
[Sun Nov 23 17:55:24.885733 2025] [http2:warn] [pid 16188:tid 2104] [client 88.21.69.40:57316] h2_stream(16188-49-13,CLEANUP): started=1, scheduled=1, ready=0, out_buffer=0
[Sun Nov 23 17:55:52.003965 2025] [http2:warn] [pid 16188:tid 2108] [client 88.21.69.40:51263] h2_stream(16188-50-1,CLEANUP): started=1, scheduled=1, ready=0, out_buffer=0
[Sun Nov 23 17:55:52.503834 2025] [http2:warn] [pid 16188:tid 2112] [client 88.21.69.40:49489] h2_stream(16188-52-1,CLEANUP): started=1, scheduled=1, ready=0, out_buffer=0
[Sun Nov 23 17:56:24.886123 2025] [http2:warn] [pid 16188:tid 2104] [client 88.21.69.40:57316] h2_stream(16188-49-9,CLEANUP): started=1, scheduled=1, ready=0, out_buffer=0
[Sun Nov 23 17:56:24.886123 2025] [http2:warn] [pid 16188:tid 2104] [client 88.21.69.40:57316] h2_stream(16188-49-11,CLEANUP): started=1, scheduled=1, ready=0, out_buffer=0
[Sun Nov 23 17:56:24.886123 2025] [http2:warn] [pid 16188:tid 2104] [client 88.21.69.40:57316] h2_stream(16188-49-13,CLEANUP): started=1, scheduled=1, ready=0, out_buffer=0
[Sun Nov 23 17:56:52.004040 2025] [http2:warn] [pid 16188:tid 2108] [client 88.21.69.40:51263] h2_stream(16188-50-1,CLEANUP): started=1, scheduled=1, ready=0, out_buffer=0
[Sun Nov 23 17:56:52.503796 2025] [http2:warn] [pid 16188:tid 2112] [client 88.21.69.40:49489] h2_stream(16188-52-1,CLEANUP): started=1, scheduled=1, ready=0, out_buffer=0
[Sun Nov 23 17:57:24.886083 2025] [http2:warn] [pid 16188:tid 2104] [client 88.21.69.40:57316] h2_stream(16188-49-9,CLEANUP): started=1, scheduled=1, ready=0, out_buffer=0
[Sun Nov 23 17:57:24.886083 2025] [http2:warn] [pid 16188:tid 2104] [client 88.21.69.40:57316] h2_stream(16188-49-11,CLEANUP): started=1, scheduled=1, ready=0, out_buffer=0
[Sun Nov 23 17:57:24.886083 2025] [http2:warn] [pid 16188:tid 2104] [client 88.21.69.40:57316] h2_stream(16188-49-13,CLEANUP): started=1, scheduled=1, ready=0, out_buffer=0
[Sun Nov 23 17:57:52.004311 2025] [http2:warn] [pid 16188:tid 2108] [client 88.21.69.40:51263] h2_stream(16188-50-1,CLEANUP): started=1, scheduled=1, ready=0, out_buffer=0
[Sun Nov 23 17:57:52.504181 2025] [http2:warn] [pid 16188:tid 2112] [client 88.21.69.40:49489] h2_stream(16188-52-1,CLEANUP): started=1, scheduled=1, ready=0, out_buffer=0
[Sun Nov 23 17:58:24.886654 2025] [http2:warn] [pid 16188:tid 2104] [client 88.21.69.40:57316] h2_stream(16188-49-9,CLEANUP): started=1, scheduled=1, ready=0, out_buffer=0
[Sun Nov 23 17:58:24.886654 2025] [http2:warn] [pid 16188:tid 2104] [client 88.21.69.40:57316] h2_stream(16188-49-11,CLEANUP): started=1, scheduled=1, ready=0, out_buffer=0
[Sun Nov 23 17:58:24.886654 2025] [http2:warn] [pid 16188:tid 2104] [client 88.21.69.40:57316] h2_stream(16188-49-13,CLEANUP): started=1, scheduled=1, ready=0, out_buffer=0
[Sun Nov 23 17:58:52.004567 2025] [http2:warn] [pid 16188:tid 2108] [client 88.21.69.40:51263] h2_stream(16188-50-1,CLEANUP): started=1, scheduled=1, ready=0, out_buffer=0
[Sun Nov 23 17:58:52.504439 2025] [http2:warn] [pid 16188:tid 2112] [client 88.21.69.40:49489] h2_stream(16188-52-1,CLEANUP): started=1, scheduled=1, ready=0, out_buffer=0
[Sun Nov 23 17:59:24.886647 2025] [http2:warn] [pid 16188:tid 2104] [client 88.21.69.40:57316] h2_stream(16188-49-9,CLEANUP): started=1, scheduled=1, ready=0, out_buffer=0
[Sun Nov 23 17:59:24.886647 2025] [http2:warn] [pid 16188:tid 2104] [client 88.21.69.40:57316] h2_stream(16188-49-11,CLEANUP): started=1, scheduled=1, ready=0, out_buffer=0
[Sun Nov 23 17:59:24.886647 2025] [http2:warn] [pid 16188:tid 2104] [client 88.21.69.40:57316] h2_stream(16188-49-13,CLEANUP): started=1, scheduled=1, ready=0, out_buffer=0
[Sun Nov 23 17:59:52.004585 2025] [http2:warn] [pid 16188:tid 2108] [client 88.21.69.40:51263] h2_stream(16188-50-1,CLEANUP): started=1, scheduled=1, ready=0, out_buffer=0
[Sun Nov 23 17:59:52.504456 2025] [http2:warn] [pid 16188:tid 2112] [client 88.21.69.40:49489] h2_stream(16188-52-1,CLEANUP): started=1, scheduled=1, ready=0, out_buffer=0
[Sun Nov 23 18:00:24.886434 2025] [http2:warn] [pid 16188:tid 2104] [client 88.21.69.40:57316] h2_stream(16188-49-9,CLEANUP): started=1, scheduled=1, ready=0, out_buffer=0
[Sun Nov 23 18:00:24.886434 2025] [http2:warn] [pid 16188:tid 2104] [client 88.21.69.40:57316] h2_stream(16188-49-11,CLEANUP): started=1, scheduled=1, ready=0, out_buffer=0
[Sun Nov 23 18:00:24.886434 2025] [http2:warn] [pid 16188:tid 2104] [client 88.21.69.40:57316] h2_stream(16188-49-13,CLEANUP): started=1, scheduled=1, ready=0, out_buffer=0
[Sun Nov 23 18:00:52.004594 2025] [http2:warn] [pid 16188:tid 2108] [client 88.21.69.40:51263] h2_stream(16188-50-1,CLEANUP): started=1, scheduled=1, ready=0, out_buffer=0
[Sun Nov 23 18:00:52.504465 2025] [http2:warn] [pid 16188:tid 2112] [client 88.21.69.40:49489] h2_stream(16188-52-1,CLEANUP): started=1, scheduled=1, ready=0, out_buffer=0
[Sun Nov 23 18:01:24.886666 2025] [http2:warn] [pid 16188:tid 2104] [client 88.21.69.40:57316] h2_stream(16188-49-9,CLEANUP): started=1, scheduled=1, ready=0, out_buffer=0
[Sun Nov 23 18:01:24.886666 2025] [http2:warn] [pid 16188:tid 2104] [client 88.21.69.40:57316] h2_stream(16188-49-11,CLEANUP): started=1, scheduled=1, ready=0, out_buffer=0
[Sun Nov 23 18:01:24.886666 2025] [http2:warn] [pid 16188:tid 2104] [client 88.21.69.40:57316] h2_stream(16188-49-13,CLEANUP): started=1, scheduled=1, ready=0, out_buffer=0
[Sun Nov 23 18:01:52.005172 2025] [http2:warn] [pid 16188:tid 2108] [client 88.21.69.40:51263] h2_stream(16188-50-1,CLEANUP): started=1, scheduled=1, ready=0, out_buffer=0
[Sun Nov 23 18:01:52.504830 2025] [http2:warn] [pid 16188:tid 2112] [client 88.21.69.40:49489] h2_stream(16188-52-1,CLEANUP): started=1, scheduled=1, ready=0, out_buffer=0
[Sun Nov 23 18:02:24.887229 2025] [http2:warn] [pid 16188:tid 2104] [client 88.21.69.40:57316] h2_stream(16188-49-9,CLEANUP): started=1, scheduled=1, ready=0, out_buffer=0
[Sun Nov 23 18:02:24.887229 2025] [http2:warn] [pid 16188:tid 2104] [client 88.21.69.40:57316] h2_stream(16188-49-11,CLEANUP): started=1, scheduled=1, ready=0, out_buffer=0
[Sun Nov 23 18:02:24.887229 2025] [http2:warn] [pid 16188:tid 2104] [client 88.21.69.40:57316] h2_stream(16188-49-13,CLEANUP): started=1, scheduled=1, ready=0, out_buffer=0
[Sun Nov 23 18:02:52.005255 2025] [http2:warn] [pid 16188:tid 2108] [client 88.21.69.40:51263] h2_stream(16188-50-1,CLEANUP): started=1, scheduled=1, ready=0, out_buffer=0
[Sun Nov 23 18:02:52.505063 2025] [http2:warn] [pid 16188:tid 2112] [client 88.21.69.40:49489] h2_stream(16188-52-1,CLEANUP): started=1, scheduled=1, ready=0, out_buffer=0
[Sun Nov 23 18:03:24.887330 2025] [http2:warn] [pid 16188:tid 2104] [client 88.21.69.40:57316] h2_stream(16188-49-9,CLEANUP): started=1, scheduled=1, ready=0, out_buffer=0
[Sun Nov 23 18:03:24.887330 2025] [http2:warn] [pid 16188:tid 2104] [client 88.21.69.40:57316] h2_stream(16188-49-11,CLEANUP): started=1, scheduled=1, ready=0, out_buffer=0
[Sun Nov 23 18:03:24.887330 2025] [http2:warn] [pid 16188:tid 2104] [client 88.21.69.40:57316] h2_stream(16188-49-13,CLEANUP): started=1, scheduled=1, ready=0, out_buffer=0
[Sun Nov 23 19:36:43.643018 2025] [php:warn] [pid 15680:tid 2108] [client 131.196.48.84:61001] PHP Warning: Undefined array key "HTTP_HOST" in C:\\Apache24\\htdocs\\delbalear.net\\public\\include\\inc.meta.php on line 50
[Sun Nov 23 19:36:43.643018 2025] [php:warn] [pid 15680:tid 2108] [client 131.196.48.84:61001] PHP Warning: Undefined array key "HTTP_HOST" in C:\\Apache24\\htdocs\\delbalear.net\\public\\include\\inc.meta.php on line 52
[Sun Nov 23 19:36:43.643018 2025] [php:warn] [pid 15680:tid 2108] [client 131.196.48.84:61001] PHP Warning: Undefined array key "HTTP_HOST" in C:\\Apache24\\htdocs\\delbalear.net\\public\\include\\inc.meta.php on line 53
[Sun Nov 23 20:38:43.423368 2025] [php:error] [pid 15680:tid 2108] [client 114.119.136.51:46043] PHP Fatal error: Uncaught TypeError: implode(): Argument #2 ($array) must be of type ?array, string given in C:\\Apache24\\htdocs\\delbalear.net\\public\\include\\RTF-master\\Note\\RTFToHTML.php:347\nStack trace:\n#0 C:\\Apache24\\htdocs\\delbalear.net\\public\\include\\RTF-master\\Note\\RTFToHTML.php(347): implode()\n#1 C:\\Apache24\\htdocs\\delbalear.net\\public\\include\\RTF-master\\Note\\RTFToHTML.php(106): JoshRibakoff_Note_RTFToHTML->stackPush()\n#2 C:\\Apache24\\htdocs\\delbalear.net\\public\\include\\RTF-master\\Note\\RTFToHTML.php(75): JoshRibakoff_Note_RTFToHTML->handleToken()\n#3 C:\\Apache24\\htdocs\\delbalear.net\\public\\include\\RTF-master\\Note.php(90): JoshRibakoff_Note_RTFToHTML->convert()\n#4 C:\\Apache24\\htdocs\\delbalear.net\\public\\docs\\cookies.php(20): JoshRibakoff_Note->formatHTML()\n#5 C:\\Apache24\\htdocs\\delbalear.net\\public\\index.php(68): include('...')\n#6 {main}\n thrown in C:\\Apache24\\htdocs\\delbalear.net\\public\\include\\RTF-master\\Note\\RTFToHTML.php on line 347, referer: http://delbalear.net/marca/sigg
[Sun Nov 23 21:02:49.259255 2025] [cgi:error] [pid 15680:tid 2044] [client 149.50.96.133:49298] AH02811: script not found or unable to stat: C:/Apache24/cgi-bin/luci
[Sun Nov 23 21:11:19.946695 2025] [ssl:error] [pid 15680:tid 2032] [client 18.97.5.80:46892] AH02042: rejecting client initiated renegotiation
[Sun Nov 23 21:20:31.844173 2025] [php:error] [pid 15680:tid 2032] [client 187.180.167.126:8718] script 'C:/Apache24/htdocs/delbalear.net/public/xmlrpc.php' not found or unable to stat
[Sun Nov 23 21:20:32.593848 2025] [php:error] [pid 15680:tid 2032] [client 187.180.167.126:8724] script 'C:/Apache24/htdocs/delbalear.net/public/xmlrpc.php' not found or unable to stat
[Sun Nov 23 21:20:33.328156 2025] [php:error] [pid 15680:tid 2032] [client 187.180.167.126:8727] script 'C:/Apache24/htdocs/delbalear.net/public/xmlrpc.php' not found or unable to stat
[Sun Nov 23 21:20:34.093585 2025] [php:error] [pid 15680:tid 2032] [client 187.180.167.126:8733] script 'C:/Apache24/htdocs/delbalear.net/public/xmlrpc.php' not found or unable to stat
[Sun Nov 23 21:20:34.874625 2025] [php:error] [pid 15680:tid 2032] [client 187.180.167.126:8751] script 'C:/Apache24/htdocs/delbalear.net/public/xmlrpc.php' not found or unable to stat
[Sun Nov 23 21:20:35.655459 2025] [php:error] [pid 15680:tid 2032] [client 187.180.167.126:8761] script 'C:/Apache24/htdocs/delbalear.net/public/xmlrpc.php' not found or unable to stat
[Sun Nov 23 21:20:36.436703 2025] [php:error] [pid 15680:tid 2032] [client 187.180.167.126:8770] script 'C:/Apache24/htdocs/delbalear.net/public/xmlrpc.php' not found or unable to stat
[Sun Nov 23 21:20:37.155272 2025] [php:error] [pid 15680:tid 2032] [client 187.180.167.126:8777] script 'C:/Apache24/htdocs/delbalear.net/public/xmlrpc.php' not found or unable to stat
[Sun Nov 23 21:20:37.936322 2025] [php:error] [pid 15680:tid 2032] [client 187.180.167.126:8786] script 'C:/Apache24/htdocs/delbalear.net/public/xmlrpc.php' not found or unable to stat
[Sun Nov 23 21:20:38.686123 2025] [php:error] [pid 15680:tid 2032] [client 187.180.167.126:8789] script 'C:/Apache24/htdocs/delbalear.net/public/xmlrpc.php' not found or unable to stat
[Sun Nov 23 21:20:39.451328 2025] [php:error] [pid 15680:tid 2032] [client 187.180.167.126:8795] script 'C:/Apache24/htdocs/delbalear.net/public/xmlrpc.php' not found or unable to stat
[Sun Nov 23 21:22:25.582165 2025] [php:error] [pid 15680:tid 2032] [client 175.144.112.21:64612] script 'C:/Apache24/htdocs/delbalear.net/public/xmlrpc.php' not found or unable to stat
[Sun Nov 23 21:22:26.191400 2025] [php:error] [pid 15680:tid 2032] [client 175.144.112.21:64626] script 'C:/Apache24/htdocs/delbalear.net/public/xmlrpc.php' not found or unable to stat
[Sun Nov 23 21:22:26.847479 2025] [php:error] [pid 15680:tid 2032] [client 175.144.112.21:64637] script 'C:/Apache24/htdocs/delbalear.net/public/xmlrpc.php' not found or unable to stat
[Sun Nov 23 21:22:27.487938 2025] [php:error] [pid 15680:tid 2032] [client 175.144.112.21:64645] script 'C:/Apache24/htdocs/delbalear.net/public/xmlrpc.php' not found or unable to stat
[Sun Nov 23 21:22:28.143773 2025] [php:error] [pid 15680:tid 2032] [client 175.144.112.21:64656] script 'C:/Apache24/htdocs/delbalear.net/public/xmlrpc.php' not found or unable to stat
[Sun Nov 23 21:22:28.753229 2025] [php:error] [pid 15680:tid 2032] [client 175.144.112.21:64663] script 'C:/Apache24/htdocs/delbalear.net/public/xmlrpc.php' not found or unable to stat
[Sun Nov 23 21:22:29.409099 2025] [php:error] [pid 15680:tid 2032] [client 175.144.112.21:64671] script 'C:/Apache24/htdocs/delbalear.net/public/xmlrpc.php' not found or unable to stat
[Sun Nov 23 21:22:30.049747 2025] [php:error] [pid 15680:tid 2032] [client 175.144.112.21:64683] script 'C:/Apache24/htdocs/delbalear.net/public/xmlrpc.php' not found or unable to stat
[Sun Nov 23 21:22:30.690208 2025] [php:error] [pid 15680:tid 2032] [client 175.144.112.21:64690] script 'C:/Apache24/htdocs/delbalear.net/public/xmlrpc.php' not found or unable to stat
[Sun Nov 23 21:22:31.346300 2025] [php:error] [pid 15680:tid 2032] [client 175.144.112.21:64696] script 'C:/Apache24/htdocs/delbalear.net/public/xmlrpc.php' not found or unable to stat
[Sun Nov 23 21:22:31.986694 2025] [php:error] [pid 15680:tid 2032] [client 175.144.112.21:64706] script 'C:/Apache24/htdocs/delbalear.net/public/xmlrpc.php' not found or unable to stat
[Sun Nov 23 22:38:03.786447 2025] [core:error] [pid 15680:tid 2044] [client 146.19.24.116:58152] AH00124: Request exceeded the limit of 10 internal redirects due to probable configuration error. Use 'LimitInternalRecursion' to increase the limit if necessary. Use 'LogLevel debug' to get a backtrace.
[Sun Nov 23 23:35:45.569520 2025] [core:error] [pid 15680:tid 2064] [client 20.163.60.170:41968] AH00124: Request exceeded the limit of 10 internal redirects due to probable configuration error. Use 'LimitInternalRecursion' to increase the limit if necessary. Use 'LogLevel debug' to get a backtrace.
[Sun Nov 23 23:38:53.413688 2025] [core:error] [pid 15680:tid 2064] [client 179.43.191.19:34564] AH00124: Request exceeded the limit of 10 internal redirects due to probable configuration error. Use 'LimitInternalRecursion' to increase the limit if necessary. Use 'LogLevel debug' to get a backtrace.
[Mon Nov 24 00:12:25.092439 2025] [core:error] [pid 15680:tid 2064] [client 167.86.115.89:56042] AH10244: invalid URI path (/cgi-bin/.%2e/.%2e/.%2e/.%2e/.%2e/.%2e/.%2e/.%2e/.%2e/.%2e/bin/sh)
[Mon Nov 24 00:55:41.786137 2025] [core:error] [pid 15680:tid 2084] [client 80.82.77.33:49530] AH00124: Request exceeded the limit of 10 internal redirects due to probable configuration error. Use 'LimitInternalRecursion' to increase the limit if necessary. Use 'LogLevel debug' to get a backtrace.
[Mon Nov 24 00:55:41.989183 2025] [core:error] [pid 15680:tid 2084] [client 80.82.77.33:49668] AH00124: Request exceeded the limit of 10 internal redirects due to probable configuration error. Use 'LimitInternalRecursion' to increase the limit if necessary. Use 'LogLevel debug' to get a backtrace.
[Mon Nov 24 00:55:42.192255 2025] [core:error] [pid 15680:tid 2084] [client 80.82.77.33:49808] AH00124: Request exceeded the limit of 10 internal redirects due to probable configuration error. Use 'LimitInternalRecursion' to increase the limit if necessary. Use 'LogLevel debug' to get a backtrace.
[Mon Nov 24 01:32:24.613232 2025] [php:error] [pid 15680:tid 2084] [client 45.149.173.219:53082] script 'C:/Apache24/htdocs/delbalear.net/public/xmlrpc.php' not found or unable to stat
[Mon Nov 24 01:57:00.744513 2025] [core:error] [pid 15680:tid 2068] [client 135.237.125.109:56162] AH00124: Request exceeded the limit of 10 internal redirects due to probable configuration error. Use 'LimitInternalRecursion' to increase the limit if necessary. Use 'LogLevel debug' to get a backtrace.
[Mon Nov 24 03:20:46.186346 2025] [core:error] [pid 15680:tid 2068] [client 146.19.24.116:62339] AH00124: Request exceeded the limit of 10 internal redirects due to probable configuration error. Use 'LimitInternalRecursion' to increase the limit if necessary. Use 'LogLevel debug' to get a backtrace.
[Mon Nov 24 03:27:01.433489 2025] [php:error] [pid 15680:tid 2084] [client 45.135.232.178:53968] script 'C:/Apache24/htdocs/delbalear.net/public/wp-login.php' not found or unable to stat, referer: https://delbalear.net/wp-login.php
[Mon Nov 24 03:27:01.870875 2025] [php:error] [pid 15680:tid 2068] [client 45.135.232.178:54070] script 'C:/Apache24/htdocs/delbalear.net/public/wp-login.php' not found or unable to stat, referer: https://www.delbalear.net/wp-login.php
[Mon Nov 24 03:27:01.870875 2025] [php:error] [pid 15680:tid 2084] [client 45.135.232.178:53968] script 'C:/Apache24/htdocs/delbalear.net/public/wp-login.php' not found or unable to stat, referer: https://delbalear.net/wp-login.php
[Mon Nov 24 03:27:02.120810 2025] [php:error] [pid 15680:tid 2084] [client 45.135.232.178:53968] script 'C:/Apache24/htdocs/delbalear.net/public/wp-login.php' not found or unable to stat, referer: https://delbalear.net/wp-login.php
[Mon Nov 24 03:27:02.370745 2025] [php:error] [pid 15680:tid 2084] [client 45.135.232.178:53968] script 'C:/Apache24/htdocs/delbalear.net/public/wp-login.php' not found or unable to stat, referer: https://delbalear.net/wp-login.php
[Mon Nov 24 03:27:02.386376 2025] [php:error] [pid 15680:tid 2068] [client 45.135.232.178:54070] script 'C:/Apache24/htdocs/delbalear.net/public/wp-login.php' not found or unable to stat, referer: https://www.delbalear.net/wp-login.php
[Mon Nov 24 03:27:02.620680 2025] [php:error] [pid 15680:tid 2084] [client 45.135.232.178:53968] script 'C:/Apache24/htdocs/delbalear.net/public/wp-login.php' not found or unable to stat, referer: https://delbalear.net/wp-login.php
[Mon Nov 24 03:27:02.683164 2025] [php:error] [pid 15680:tid 2068] [client 45.135.232.178:54070] script 'C:/Apache24/htdocs/delbalear.net/public/wp-login.php' not found or unable to stat, referer: https://www.delbalear.net/wp-login.php
[Mon Nov 24 03:27:02.870644 2025] [php:error] [pid 15680:tid 2084] [client 45.135.232.178:53968] script 'C:/Apache24/htdocs/delbalear.net/public/wp-login.php' not found or unable to stat, referer: https://delbalear.net/wp-login.php
[Mon Nov 24 03:27:02.979991 2025] [php:error] [pid 15680:tid 2068] [client 45.135.232.178:54070] script 'C:/Apache24/htdocs/delbalear.net/public/wp-login.php' not found or unable to stat, referer: https://www.delbalear.net/wp-login.php
[Mon Nov 24 03:27:03.276760 2025] [php:error] [pid 15680:tid 2068] [client 45.135.232.178:54070] script 'C:/Apache24/htdocs/delbalear.net/public/wp-login.php' not found or unable to stat, referer: https://www.delbalear.net/wp-login.php
[Mon Nov 24 03:27:03.573557 2025] [php:error] [pid 15680:tid 2068] [client 45.135.232.178:54070] script 'C:/Apache24/htdocs/delbalear.net/public/wp-login.php' not found or unable to stat, referer: https://www.delbalear.net/wp-login.php
[Mon Nov 24 03:27:06.510293 2025] [php:error] [pid 15680:tid 2068] [client 45.135.232.178:55583] script 'C:/Apache24/htdocs/delbalear.net/public/xmlrpc.php' not found or unable to stat, referer: https://delbalear.net/xmlrpc.php
[Mon Nov 24 03:27:07.010163 2025] [php:error] [pid 15680:tid 2068] [client 45.135.232.178:55583] script 'C:/Apache24/htdocs/delbalear.net/public/xmlrpc.php' not found or unable to stat, referer: https://delbalear.net/xmlrpc.php
[Mon Nov 24 03:27:07.150752 2025] [php:error] [pid 15680:tid 2084] [client 45.135.232.178:55868] script 'C:/Apache24/htdocs/delbalear.net/public/xmlrpc.php' not found or unable to stat, referer: https://www.delbalear.net/xmlrpc.php
[Mon Nov 24 03:27:07.306961 2025] [php:error] [pid 15680:tid 2068] [client 45.135.232.178:55583] script 'C:/Apache24/htdocs/delbalear.net/public/xmlrpc.php' not found or unable to stat, referer: https://delbalear.net/xmlrpc.php
[Mon Nov 24 03:27:07.603759 2025] [php:error] [pid 15680:tid 2068] [client 45.135.232.178:55583] script 'C:/Apache24/htdocs/delbalear.net/public/xmlrpc.php' not found or unable to stat, referer: https://delbalear.net/xmlrpc.php
[Mon Nov 24 03:27:07.666243 2025] [php:error] [pid 15680:tid 2084] [client 45.135.232.178:55868] script 'C:/Apache24/htdocs/delbalear.net/public/xmlrpc.php' not found or unable to stat, referer: https://www.delbalear.net/xmlrpc.php
[Mon Nov 24 03:27:07.900557 2025] [php:error] [pid 15680:tid 2068] [client 45.135.232.178:55583] script 'C:/Apache24/htdocs/delbalear.net/public/xmlrpc.php' not found or unable to stat, referer: https://delbalear.net/xmlrpc.php
[Mon Nov 24 03:27:07.963041 2025] [php:error] [pid 15680:tid 2084] [client 45.135.232.178:55868] script 'C:/Apache24/htdocs/delbalear.net/public/xmlrpc.php' not found or unable to stat, referer: https://www.delbalear.net/xmlrpc.php
[Mon Nov 24 03:27:08.197355 2025] [php:error] [pid 15680:tid 2068] [client 45.135.232.178:55583] script 'C:/Apache24/htdocs/delbalear.net/public/xmlrpc.php' not found or unable to stat, referer: https://delbalear.net/xmlrpc.php
[Mon Nov 24 03:27:08.259868 2025] [php:error] [pid 15680:tid 2084] [client 45.135.232.178:55868] script 'C:/Apache24/htdocs/delbalear.net/public/xmlrpc.php' not found or unable to stat, referer: https://www.delbalear.net/xmlrpc.php
[Mon Nov 24 03:27:08.556665 2025] [php:error] [pid 15680:tid 2084] [client 45.135.232.178:55868] script 'C:/Apache24/htdocs/delbalear.net/public/xmlrpc.php' not found or unable to stat, referer: https://www.delbalear.net/xmlrpc.php
[Mon Nov 24 03:27:08.853463 2025] [php:error] [pid 15680:tid 2084] [client 45.135.232.178:55868] script 'C:/Apache24/htdocs/delbalear.net/public/xmlrpc.php' not found or unable to stat, referer: https://www.delbalear.net/xmlrpc.php
[Mon Nov 24 04:12:16.622046 2025] [php:error] [pid 15680:tid 2068] [client 158.94.210.79:57104] script 'C:/Apache24/htdocs/delbalear.net/public/wp-login.php' not found or unable to stat, referer: http://delbalear.net/wp-admin/
[Mon Nov 24 04:12:17.090675 2025] [php:error] [pid 15680:tid 2068] [client 158.94.210.79:57104] script 'C:/Apache24/htdocs/delbalear.net/public/wp-login.php' not found or unable to stat, referer: http://delbalear.net/wp-admin/
[Mon Nov 24 04:12:17.559303 2025] [php:error] [pid 15680:tid 2068] [client 158.94.210.79:57104] script 'C:/Apache24/htdocs/delbalear.net/public/wp-login.php' not found or unable to stat, referer: http://delbalear.net/wp-admin/
[Mon Nov 24 04:12:17.746781 2025] [php:error] [pid 15680:tid 2068] [client 158.94.210.79:57104] script 'C:/Apache24/htdocs/delbalear.net/public/wp-login.php' not found or unable to stat, referer: http://delbalear.net/wp-admin/
[Mon Nov 24 04:12:18.106036 2025] [php:error] [pid 15680:tid 2068] [client 158.94.210.79:57104] script 'C:/Apache24/htdocs/delbalear.net/public/wp-login.php' not found or unable to stat, referer: http://delbalear.net/wp-admin/
[Mon Nov 24 04:12:18.371618 2025] [php:error] [pid 15680:tid 2068] [client 158.94.210.79:57104] script 'C:/Apache24/htdocs/delbalear.net/public/wp-login.php' not found or unable to stat, referer: http://delbalear.net/wp-admin/
[Mon Nov 24 04:12:18.730900 2025] [php:error] [pid 15680:tid 2068] [client 158.94.210.79:57104] script 'C:/Apache24/htdocs/delbalear.net/public/wp-login.php' not found or unable to stat, referer: http://delbalear.net/wp-admin/
[Mon Nov 24 04:12:19.012080 2025] [php:error] [pid 15680:tid 2068] [client 158.94.210.79:57104] script 'C:/Apache24/htdocs/delbalear.net/public/wp-login.php' not found or unable to stat, referer: http://delbalear.net/wp-admin/
[Mon Nov 24 04:12:20.964694 2025] [php:error] [pid 15680:tid 2068] [client 158.94.210.79:57104] script 'C:/Apache24/htdocs/delbalear.net/public/wp-login.php' not found or unable to stat, referer: http://delbalear.net/wp-admin/
[Mon Nov 24 04:12:22.542411 2025] [php:error] [pid 15680:tid 2068] [client 158.94.210.79:57104] script 'C:/Apache24/htdocs/delbalear.net/public/wp-login.php' not found or unable to stat, referer: http://delbalear.net/wp-admin/
[Mon Nov 24 04:12:24.120121 2025] [php:error] [pid 15680:tid 2068] [client 158.94.210.79:57104] script 'C:/Apache24/htdocs/delbalear.net/public/wp-login.php' not found or unable to stat, referer: http://delbalear.net/wp-admin/
[Mon Nov 24 04:12:27.384869 2025] [php:error] [pid 15680:tid 2068] [client 158.94.210.79:57104] script 'C:/Apache24/htdocs/delbalear.net/public/wp-login.php' not found or unable to stat, referer: http://delbalear.net/wp-admin/
[Mon Nov 24 04:12:30.883958 2025] [php:error] [pid 15680:tid 2068] [client 158.94.210.79:57104] script 'C:/Apache24/htdocs/delbalear.net/public/wp-login.php' not found or unable to stat, referer: http://delbalear.net/wp-admin/
[Mon Nov 24 04:12:33.945661 2025] [php:error] [pid 15680:tid 2068] [client 158.94.210.79:57104] script 'C:/Apache24/htdocs/delbalear.net/public/wp-login.php' not found or unable to stat, referer: http://delbalear.net/wp-admin/
[Mon Nov 24 04:12:34.914159 2025] [php:error] [pid 15680:tid 2068] [client 158.94.210.79:57104] script 'C:/Apache24/htdocs/delbalear.net/public/wp-login.php' not found or unable to stat, referer: http://delbalear.net/wp-admin/
[Mon Nov 24 04:12:35.663990 2025] [php:error] [pid 15680:tid 2068] [client 158.94.210.79:57104] script 'C:/Apache24/htdocs/delbalear.net/public/wp-login.php' not found or unable to stat, referer: http://delbalear.net/wp-admin/
[Mon Nov 24 04:12:36.445010 2025] [php:error] [pid 15680:tid 2068] [client 158.94.210.79:57104] script 'C:/Apache24/htdocs/delbalear.net/public/wp-login.php' not found or unable to stat, referer: http://delbalear.net/wp-admin/
[Mon Nov 24 04:12:39.038084 2025] [php:error] [pid 15680:tid 2068] [client 158.94.210.79:57104] script 'C:/Apache24/htdocs/delbalear.net/public/wp-login.php' not found or unable to stat, referer: http://delbalear.net/wp-admin/
[Mon Nov 24 04:12:49.144858 2025] [php:error] [pid 15680:tid 2068] [client 158.94.210.79:54262] script 'C:/Apache24/htdocs/delbalear.net/public/wp-login.php' not found or unable to stat, referer: http://delbalear.net/wp-admin/
[Mon Nov 24 04:12:49.410410 2025] [php:error] [pid 15680:tid 2068] [client 158.94.210.79:54262] script 'C:/Apache24/htdocs/delbalear.net/public/wp-login.php' not found or unable to stat, referer: http://delbalear.net/wp-admin/
[Mon Nov 24 04:12:49.519756 2025] [php:error] [pid 15680:tid 2068] [client 158.94.210.79:54262] script 'C:/Apache24/htdocs/delbalear.net/public/wp-login.php' not found or unable to stat, referer: http://delbalear.net/wp-admin/
[Mon Nov 24 04:12:49.816527 2025] [php:error] [pid 15680:tid 2068] [client 158.94.210.79:54262] script 'C:/Apache24/htdocs/delbalear.net/public/wp-login.php' not found or unable to stat, referer: http://delbalear.net/wp-admin/
[Mon Nov 24 04:12:49.925901 2025] [php:error] [pid 15680:tid 2068] [client 158.94.210.79:54262] script 'C:/Apache24/htdocs/delbalear.net/public/wp-login.php' not found or unable to stat, referer: http://delbalear.net/wp-admin/
[Mon Nov 24 04:12:50.175836 2025] [php:error] [pid 15680:tid 2068] [client 158.94.210.79:54262] script 'C:/Apache24/htdocs/delbalear.net/public/wp-login.php' not found or unable to stat, referer: http://delbalear.net/wp-admin/
[Mon Nov 24 04:12:50.410149 2025] [php:error] [pid 15680:tid 2068] [client 158.94.210.79:54262] script 'C:/Apache24/htdocs/delbalear.net/public/wp-login.php' not found or unable to stat, referer: http://delbalear.net/wp-admin/
[Mon Nov 24 04:12:50.535090 2025] [php:error] [pid 15680:tid 2068] [client 158.94.210.79:54262] script 'C:/Apache24/htdocs/delbalear.net/public/wp-login.php' not found or unable to stat, referer: http://delbalear.net/wp-admin/
[Mon Nov 24 04:12:52.144073 2025] [php:error] [pid 15680:tid 2068] [client 158.94.210.79:54262] script 'C:/Apache24/htdocs/delbalear.net/public/wp-login.php' not found or unable to stat, referer: http://delbalear.net/wp-admin/
[Mon Nov 24 04:12:54.034205 2025] [php:error] [pid 15680:tid 2068] [client 158.94.210.79:54262] script 'C:/Apache24/htdocs/delbalear.net/public/wp-login.php' not found or unable to stat, referer: http://delbalear.net/wp-admin/
[Mon Nov 24 04:12:54.252873 2025] [php:error] [pid 15680:tid 2068] [client 158.94.210.79:54262] script 'C:/Apache24/htdocs/delbalear.net/public/wp-login.php' not found or unable to stat, referer: http://delbalear.net/wp-admin/
[Mon Nov 24 04:12:54.346598 2025] [php:error] [pid 15680:tid 2068] [client 158.94.210.79:54262] script 'C:/Apache24/htdocs/delbalear.net/public/wp-login.php' not found or unable to stat, referer: http://delbalear.net/wp-admin/
[Mon Nov 24 06:41:50.654879 2025] [core:error] [pid 15680:tid 2068] [client 89.35.130.146:55110] AH10244: invalid URI path (/cgi-bin/.%2e/.%2e/.%2e/.%2e/.%2e/.%2e/.%2e/.%2e/.%2e/.%2e/bin/sh)
[Mon Nov 24 06:42:33.831177 2025] [core:error] [pid 15680:tid 2068] [client 46.251.254.172:59503] AH00124: Request exceeded the limit of 10 internal redirects due to probable configuration error. Use 'LimitInternalRecursion' to increase the limit if necessary. Use 'LogLevel debug' to get a backtrace.
[Mon Nov 24 06:42:36.377390 2025] [core:error] [pid 15680:tid 2052] [client 185.241.208.110:54869] AH00124: Request exceeded the limit of 10 internal redirects due to probable configuration error. Use 'LimitInternalRecursion' to increase the limit if necessary. Use 'LogLevel debug' to get a backtrace.
[Mon Nov 24 06:42:36.658568 2025] [core:error] [pid 15680:tid 2084] [client 185.241.208.110:54884] AH00124: Request exceeded the limit of 10 internal redirects due to probable configuration error. Use 'LimitInternalRecursion' to increase the limit if necessary. Use 'LogLevel debug' to get a backtrace.
[Mon Nov 24 07:00:59.807698 2025] [core:error] [pid 15680:tid 2052] [client 3.149.59.26:55260] AH00124: Request exceeded the limit of 10 internal redirects due to probable configuration error. Use 'LimitInternalRecursion' to increase the limit if necessary. Use 'LogLevel debug' to get a backtrace.
[Mon Nov 24 07:21:07.461697 2025] [core:error] [pid 15680:tid 2068] [client 20.168.0.218:52668] AH00124: Request exceeded the limit of 10 internal redirects due to probable configuration error. Use 'LimitInternalRecursion' to increase the limit if necessary. Use 'LogLevel debug' to get a backtrace.
[Mon Nov 24 07:48:18.122531 2025] [php:error] [pid 15680:tid 2052] [client 169.150.203.240:49430] script 'C:/Apache24/htdocs/delbalear.net/public/xmlrpc.php' not found or unable to stat
[Mon Nov 24 07:52:40.746126 2025] [php:warn] [pid 15680:tid 2040] [client 120.92.72.149:48229] PHP Warning: Undefined array key "captcha" in C:\\Apache24\\htdocs\\delbalear.net\\public\\forms\\contacto.php on line 18, referer: https://www.delbalear.net
[Mon Nov 24 07:52:40.746126 2025] [php:warn] [pid 15680:tid 2040] [client 120.92.72.149:48229] PHP Warning: Undefined array key "cap_code" in C:\\Apache24\\htdocs\\delbalear.net\\public\\forms\\contacto.php on line 18, referer: https://www.delbalear.net
[Mon Nov 24 07:52:40.777369 2025] [php:error] [pid 15680:tid 2100] [client 120.92.72.197:48680] PHP Fatal error: Uncaught TypeError: implode(): Argument #2 ($array) must be of type ?array, string given in C:\\Apache24\\htdocs\\delbalear.net\\public\\include\\RTF-master\\Note\\RTFToHTML.php:347\nStack trace:\n#0 C:\\Apache24\\htdocs\\delbalear.net\\public\\include\\RTF-master\\Note\\RTFToHTML.php(347): implode()\n#1 C:\\Apache24\\htdocs\\delbalear.net\\public\\include\\RTF-master\\Note\\RTFToHTML.php(106): JoshRibakoff_Note_RTFToHTML->stackPush()\n#2 C:\\Apache24\\htdocs\\delbalear.net\\public\\include\\RTF-master\\Note\\RTFToHTML.php(75): JoshRibakoff_Note_RTFToHTML->handleToken()\n#3 C:\\Apache24\\htdocs\\delbalear.net\\public\\include\\RTF-master\\Note.php(90): JoshRibakoff_Note_RTFToHTML->convert()\n#4 C:\\Apache24\\htdocs\\delbalear.net\\public\\docs\\cookies.php(20): JoshRibakoff_Note->formatHTML()\n#5 C:\\Apache24\\htdocs\\delbalear.net\\public\\index.php(68): include('...')\n#6 {main}\n thrown in C:\\Apache24\\htdocs\\delbalear.net\\public\\include\\RTF-master\\Note\\RTFToHTML.php on line 347, referer: https://www.delbalear.net
[Mon Nov 24 08:17:38.655012 2025] [core:error] [pid 15680:tid 2040] [client 205.210.31.53:58054] AH00124: Request exceeded the limit of 10 internal redirects due to probable configuration error. Use 'LimitInternalRecursion' to increase the limit if necessary. Use 'LogLevel debug' to get a backtrace.
[Mon Nov 24 08:21:13.074564 2025] [php:error] [pid 15680:tid 2040] [client 132.196.92.11:65506] script 'C:/Apache24/htdocs/delbalear.net/public/xmrlpc.php' not found or unable to stat, referer: https://www.bing.com/
[Mon Nov 24 08:21:13.527572 2025] [php:error] [pid 15680:tid 2040] [client 132.196.92.11:65506] script 'C:/Apache24/htdocs/delbalear.net/public/xmrlpc.php' not found or unable to stat, referer: https://www.bing.com/
[Mon Nov 24 08:21:13.746265 2025] [php:error] [pid 15680:tid 2040] [client 132.196.92.11:65506] script 'C:/Apache24/htdocs/delbalear.net/public/xmrlpc.php' not found or unable to stat, referer: https://www.bing.com/
[Mon Nov 24 08:21:13.918095 2025] [php:error] [pid 15680:tid 2040] [client 132.196.92.11:65506] script 'C:/Apache24/htdocs/delbalear.net/public/xmrlpc.php' not found or unable to stat, referer: https://www.bing.com/
[Mon Nov 24 08:21:15.308364 2025] [php:error] [pid 15680:tid 2040] [client 132.196.92.11:65506] script 'C:/Apache24/htdocs/delbalear.net/public/xmrlpc.php' not found or unable to stat, referer: https://www.bing.com/
[Mon Nov 24 08:21:16.167510 2025] [php:error] [pid 15680:tid 2040] [client 132.196.92.11:65506] script 'C:/Apache24/htdocs/delbalear.net/public/xmrlpc.php' not found or unable to stat, referer: https://www.bing.com/
[Mon Nov 24 08:21:17.229735 2025] [php:error] [pid 15680:tid 2040] [client 132.196.92.11:65506] script 'C:/Apache24/htdocs/delbalear.net/public/xmrlpc.php' not found or unable to stat, referer: https://www.bing.com/
[Mon Nov 24 08:21:17.370323 2025] [php:error] [pid 15680:tid 2052] [client 132.196.92.11:65477] script 'C:/Apache24/htdocs/delbalear.net/public/xmrlpc.php' not found or unable to stat, referer: https://www.bing.com/
[Mon Nov 24 08:21:18.541894 2025] [php:error] [pid 15680:tid 2052] [client 132.196.92.11:65477] script 'C:/Apache24/htdocs/delbalear.net/public/xmrlpc.php' not found or unable to stat, referer: https://www.bing.com/
[Mon Nov 24 08:21:18.698107 2025] [php:error] [pid 15680:tid 2052] [client 132.196.92.11:65477] script 'C:/Apache24/htdocs/delbalear.net/public/xmrlpc.php' not found or unable to stat, referer: https://www.bing.com/
[Mon Nov 24 08:21:18.901180 2025] [php:error] [pid 15680:tid 2052] [client 132.196.92.11:65477] script 'C:/Apache24/htdocs/delbalear.net/public/xmrlpc.php' not found or unable to stat, referer: https://www.bing.com/
[Mon Nov 24 08:21:19.041764 2025] [php:error] [pid 15680:tid 2040] [client 132.196.92.11:65506] script 'C:/Apache24/htdocs/delbalear.net/public/xmrlpc.php' not found or unable to stat, referer: https://www.bing.com/
[Mon Nov 24 08:21:19.197973 2025] [php:error] [pid 15680:tid 2052] [client 132.196.92.11:65477] script 'C:/Apache24/htdocs/delbalear.net/public/xmrlpc.php' not found or unable to stat, referer: https://www.bing.com/
[Mon Nov 24 08:21:19.369776 2025] [php:error] [pid 15680:tid 2052] [client 132.196.92.11:65477] script 'C:/Apache24/htdocs/delbalear.net/public/xmrlpc.php' not found or unable to stat, referer: https://www.bing.com/
[Mon Nov 24 08:21:19.541635 2025] [php:error] [pid 15680:tid 2052] [client 132.196.92.11:65477] script 'C:/Apache24/htdocs/delbalear.net/public/xmrlpc.php' not found or unable to stat, referer: https://www.bing.com/
[Mon Nov 24 08:21:19.713465 2025] [php:error] [pid 15680:tid 2052] [client 132.196.92.11:65477] script 'C:/Apache24/htdocs/delbalear.net/public/xmrlpc.php' not found or unable to stat, referer: https://www.bing.com/
[Mon Nov 24 08:21:19.885266 2025] [php:error] [pid 15680:tid 2052] [client 132.196.92.11:65477] script 'C:/Apache24/htdocs/delbalear.net/public/xmrlpc.php' not found or unable to stat, referer: https://www.bing.com/
[Mon Nov 24 08:21:20.057126 2025] [php:error] [pid 15680:tid 2052] [client 132.196.92.11:65477] script 'C:/Apache24/htdocs/delbalear.net/public/xmrlpc.php' not found or unable to stat, referer: https://www.bing.com/
[Mon Nov 24 08:21:20.228956 2025] [php:error] [pid 15680:tid 2052] [client 132.196.92.11:65477] script 'C:/Apache24/htdocs/delbalear.net/public/xmrlpc.php' not found or unable to stat, referer: https://www.bing.com/
[Mon Nov 24 08:21:20.385170 2025] [php:error] [pid 15680:tid 2040] [client 132.196.92.11:65506] script 'C:/Apache24/htdocs/delbalear.net/public/xmrlpc.php' not found or unable to stat, referer: https://www.bing.com/
[Mon Nov 24 08:21:20.572616 2025] [php:error] [pid 15680:tid 2040] [client 132.196.92.11:65506] script 'C:/Apache24/htdocs/delbalear.net/public/xmrlpc.php' not found or unable to stat, referer: https://www.bing.com/
[Mon Nov 24 08:21:20.760067 2025] [php:error] [pid 15680:tid 2040] [client 132.196.92.11:65506] script 'C:/Apache24/htdocs/delbalear.net/public/xmrlpc.php' not found or unable to stat, referer: https://www.bing.com/
[Mon Nov 24 08:21:20.900655 2025] [php:error] [pid 15680:tid 2052] [client 132.196.92.11:65477] script 'C:/Apache24/htdocs/delbalear.net/public/xmrlpc.php' not found or unable to stat, referer: https://www.bing.com/
[Mon Nov 24 08:21:21.088107 2025] [php:error] [pid 15680:tid 2052] [client 132.196.92.11:65477] script 'C:/Apache24/htdocs/delbalear.net/public/xmrlpc.php' not found or unable to stat, referer: https://www.bing.com/
[Mon Nov 24 08:21:22.103468 2025] [php:error] [pid 15680:tid 2052] [client 132.196.92.11:65477] script 'C:/Apache24/htdocs/delbalear.net/public/xmrlpc.php' not found or unable to stat, referer: https://www.bing.com/
[Mon Nov 24 08:21:23.337523 2025] [php:error] [pid 15680:tid 2052] [client 132.196.92.11:65477] script 'C:/Apache24/htdocs/delbalear.net/public/xmrlpc.php' not found or unable to stat, referer: https://www.bing.com/
[Mon Nov 24 08:21:23.493732 2025] [php:error] [pid 15680:tid 2052] [client 132.196.92.11:65477] script 'C:/Apache24/htdocs/delbalear.net/public/xmrlpc.php' not found or unable to stat, referer: https://www.bing.com/
[Mon Nov 24 08:21:23.634321 2025] [php:error] [pid 15680:tid 2040] [client 132.196.92.11:65506] script 'C:/Apache24/htdocs/delbalear.net/public/xmrlpc.php' not found or unable to stat, referer: https://www.bing.com/
[Mon Nov 24 08:21:23.837395 2025] [php:error] [pid 15680:tid 2040] [client 132.196.92.11:65506] script 'C:/Apache24/htdocs/delbalear.net/public/xmrlpc.php' not found or unable to stat, referer: https://www.bing.com/
[Mon Nov 24 08:21:24.024845 2025] [php:error] [pid 15680:tid 2040] [client 132.196.92.11:65506] script 'C:/Apache24/htdocs/delbalear.net/public/xmrlpc.php' not found or unable to stat, referer: https://www.bing.com/
[Mon Nov 24 08:21:24.165433 2025] [php:error] [pid 15680:tid 2040] [client 132.196.92.11:65506] script 'C:/Apache24/htdocs/delbalear.net/public/xmrlpc.php' not found or unable to stat, referer: https://www.bing.com/
[Mon Nov 24 08:21:24.837133 2025] [php:error] [pid 15680:tid 2040] [client 132.196.92.11:65506] script 'C:/Apache24/htdocs/delbalear.net/public/xmrlpc.php' not found or unable to stat, referer: https://www.bing.com/
[Mon Nov 24 08:21:24.977722 2025] [php:error] [pid 15680:tid 2052] [client 132.196.92.11:65477] script 'C:/Apache24/htdocs/delbalear.net/public/xmrlpc.php' not found or unable to stat, referer: https://www.bing.com/
